{"id":19,"date":"2022-12-25T10:57:29","date_gmt":"2022-12-25T09:57:29","guid":{"rendered":"https:\/\/www.methode-films.com\/?page_id=19"},"modified":"2022-12-27T11:53:55","modified_gmt":"2022-12-27T10:53:55","slug":"realisations","status":"publish","type":"page","link":"https:\/\/www.methode-films.fr\/?page_id=19","title":{"rendered":"R\u00e9alisations"},"content":{"rendered":"\n<p><strong>51<\/strong><\/p>\n\n\n\n<figure class=\"wp-block-image\"><a href=\"https:\/\/www.methode-films.fr\/?p=76\"><img fetchpriority=\"high\" decoding=\"async\" width=\"809\" height=\"540\" src=\"https:\/\/nyeumhv.cluster100.hosting.ovh.net\/wp-content\/uploads\/2022\/12\/269614209_4838911272824625_83098698417698097_n.jpg\" alt=\"\" class=\"wp-image-62\" srcset=\"https:\/\/www.methode-films.fr\/wp-content\/uploads\/2022\/12\/269614209_4838911272824625_83098698417698097_n.jpg 809w, https:\/\/www.methode-films.fr\/wp-content\/uploads\/2022\/12\/269614209_4838911272824625_83098698417698097_n-600x400.jpg 600w, https:\/\/www.methode-films.fr\/wp-content\/uploads\/2022\/12\/269614209_4838911272824625_83098698417698097_n-300x200.jpg 300w, https:\/\/www.methode-films.fr\/wp-content\/uploads\/2022\/12\/269614209_4838911272824625_83098698417698097_n-768x513.jpg 768w\" sizes=\"(max-width: 809px) 100vw, 809px\" \/><\/a><\/figure>\n","protected":false},"excerpt":{"rendered":"<p>51<\/p>\n","protected":false},"author":2,"featured_media":62,"parent":0,"menu_order":0,"comment_status":"closed","ping_status":"closed","template":"","meta":{"_tbt_post_transparent":"","_tbt_post_title":"","_tbt_post_layout":"","_tbt_post_sidebar_id":"","_tbt_post_content_style":"","_tbt_post_vertical_padding":"","_tbt_post_feature":"","_tbt_post_feature_position":"","_tbt_post_header":false,"_tbt_post_footer":false},"class_list":["post-19","page","type-page","status-publish","has-post-thumbnail","hentry"],"yoast_head":"<!-- This site is optimized with the Yoast SEO plugin v27.4 - https:\/\/yoast.com\/product\/yoast-seo-wordpress\/ -->\n<title>R\u00e9alisations - m\u00e9thode-films<\/title>\n<meta name=\"robots\" content=\"index, follow, max-snippet:-1, max-image-preview:large, max-video-preview:-1\" \/>\n<link rel=\"canonical\" href=\"https:\/\/www.methode-films.fr\/?page_id=19\" \/>\n<meta property=\"og:locale\" content=\"en_US\" \/>\n<meta property=\"og:type\" content=\"article\" \/>\n<meta property=\"og:title\" content=\"R\u00e9alisations - m\u00e9thode-films\" \/>\n<meta property=\"og:description\" content=\"51\" \/>\n<meta property=\"og:url\" content=\"https:\/\/www.methode-films.fr\/?page_id=19\" \/>\n<meta property=\"og:site_name\" content=\"m\u00e9thode-films\" \/>\n<meta property=\"article:modified_time\" content=\"2022-12-27T10:53:55+00:00\" \/>\n<meta property=\"og:image\" content=\"https:\/\/nyeumhv.cluster100.hosting.ovh.net\/wp-content\/uploads\/2022\/12\/269614209_4838911272824625_83098698417698097_n.jpg\" \/>\n\t<meta property=\"og:image:width\" content=\"809\" \/>\n\t<meta property=\"og:image:height\" content=\"540\" \/>\n\t<meta property=\"og:image:type\" content=\"image\/jpeg\" \/>\n<meta name=\"twitter:card\" content=\"summary_large_image\" \/>\n<meta name=\"twitter:label1\" content=\"Est. reading time\" \/>\n\t<meta name=\"twitter:data1\" content=\"1 minute\" \/>\n<script type=\"application\/ld+json\" class=\"yoast-schema-graph\">{\"@context\":\"https:\\\/\\\/schema.org\",\"@graph\":[{\"@type\":\"WebPage\",\"@id\":\"https:\\\/\\\/www.methode-films.fr\\\/?page_id=19\",\"url\":\"https:\\\/\\\/www.methode-films.fr\\\/?page_id=19\",\"name\":\"R\u00e9alisations - m\u00e9thode-films\",\"isPartOf\":{\"@id\":\"https:\\\/\\\/www.methode-films.fr\\\/#website\"},\"primaryImageOfPage\":{\"@id\":\"https:\\\/\\\/www.methode-films.fr\\\/?page_id=19#primaryimage\"},\"image\":{\"@id\":\"https:\\\/\\\/www.methode-films.fr\\\/?page_id=19#primaryimage\"},\"thumbnailUrl\":\"https:\\\/\\\/www.methode-films.fr\\\/wp-content\\\/uploads\\\/2022\\\/12\\\/269614209_4838911272824625_83098698417698097_n.jpg\",\"datePublished\":\"2022-12-25T09:57:29+00:00\",\"dateModified\":\"2022-12-27T10:53:55+00:00\",\"breadcrumb\":{\"@id\":\"https:\\\/\\\/www.methode-films.fr\\\/?page_id=19#breadcrumb\"},\"inLanguage\":\"en-US\",\"potentialAction\":[{\"@type\":\"ReadAction\",\"target\":[\"https:\\\/\\\/www.methode-films.fr\\\/?page_id=19\"]}]},{\"@type\":\"ImageObject\",\"inLanguage\":\"en-US\",\"@id\":\"https:\\\/\\\/www.methode-films.fr\\\/?page_id=19#primaryimage\",\"url\":\"https:\\\/\\\/www.methode-films.fr\\\/wp-content\\\/uploads\\\/2022\\\/12\\\/269614209_4838911272824625_83098698417698097_n.jpg\",\"contentUrl\":\"https:\\\/\\\/www.methode-films.fr\\\/wp-content\\\/uploads\\\/2022\\\/12\\\/269614209_4838911272824625_83098698417698097_n.jpg\",\"width\":809,\"height\":540,\"caption\":\"Franck Saurel, le tueur \u00e0 gages\"},{\"@type\":\"BreadcrumbList\",\"@id\":\"https:\\\/\\\/www.methode-films.fr\\\/?page_id=19#breadcrumb\",\"itemListElement\":[{\"@type\":\"ListItem\",\"position\":1,\"name\":\"Accueil\",\"item\":\"https:\\\/\\\/www.methode-films.fr\\\/\"},{\"@type\":\"ListItem\",\"position\":2,\"name\":\"R\u00e9alisations\"}]},{\"@type\":\"WebSite\",\"@id\":\"https:\\\/\\\/www.methode-films.fr\\\/#website\",\"url\":\"https:\\\/\\\/www.methode-films.fr\\\/\",\"name\":\"M\u00e9thode-film\",\"description\":\"Leur m\u00e9thode ? C&#039;est d&#039;\u00eatre des pros.\",\"publisher\":{\"@id\":\"https:\\\/\\\/www.methode-films.fr\\\/#organization\"},\"potentialAction\":[{\"@type\":\"SearchAction\",\"target\":{\"@type\":\"EntryPoint\",\"urlTemplate\":\"https:\\\/\\\/www.methode-films.fr\\\/?s={search_term_string}\"},\"query-input\":{\"@type\":\"PropertyValueSpecification\",\"valueRequired\":true,\"valueName\":\"search_term_string\"}}],\"inLanguage\":\"en-US\"},{\"@type\":\"Organization\",\"@id\":\"https:\\\/\\\/www.methode-films.fr\\\/#organization\",\"name\":\"M\u00e9thode-film\",\"url\":\"https:\\\/\\\/www.methode-films.fr\\\/\",\"logo\":{\"@type\":\"ImageObject\",\"inLanguage\":\"en-US\",\"@id\":\"https:\\\/\\\/www.methode-films.fr\\\/#\\\/schema\\\/logo\\\/image\\\/\",\"url\":\"https:\\\/\\\/www.methode-films.fr\\\/wp-content\\\/uploads\\\/2022\\\/12\\\/Logo-8.png\",\"contentUrl\":\"https:\\\/\\\/www.methode-films.fr\\\/wp-content\\\/uploads\\\/2022\\\/12\\\/Logo-8.png\",\"width\":500,\"height\":500,\"caption\":\"M\u00e9thode-film\"},\"image\":{\"@id\":\"https:\\\/\\\/www.methode-films.fr\\\/#\\\/schema\\\/logo\\\/image\\\/\"}}]}<\/script>\n<!-- \/ Yoast SEO plugin. -->","yoast_head_json":{"title":"R\u00e9alisations - m\u00e9thode-films","robots":{"index":"index","follow":"follow","max-snippet":"max-snippet:-1","max-image-preview":"max-image-preview:large","max-video-preview":"max-video-preview:-1"},"canonical":"https:\/\/www.methode-films.fr\/?page_id=19","og_locale":"en_US","og_type":"article","og_title":"R\u00e9alisations - m\u00e9thode-films","og_description":"51","og_url":"https:\/\/www.methode-films.fr\/?page_id=19","og_site_name":"m\u00e9thode-films","article_modified_time":"2022-12-27T10:53:55+00:00","og_image":[{"width":809,"height":540,"url":"https:\/\/nyeumhv.cluster100.hosting.ovh.net\/wp-content\/uploads\/2022\/12\/269614209_4838911272824625_83098698417698097_n.jpg","type":"image\/jpeg"}],"twitter_card":"summary_large_image","twitter_misc":{"Est. reading time":"1 minute"},"schema":{"@context":"https:\/\/schema.org","@graph":[{"@type":"WebPage","@id":"https:\/\/www.methode-films.fr\/?page_id=19","url":"https:\/\/www.methode-films.fr\/?page_id=19","name":"R\u00e9alisations - m\u00e9thode-films","isPartOf":{"@id":"https:\/\/www.methode-films.fr\/#website"},"primaryImageOfPage":{"@id":"https:\/\/www.methode-films.fr\/?page_id=19#primaryimage"},"image":{"@id":"https:\/\/www.methode-films.fr\/?page_id=19#primaryimage"},"thumbnailUrl":"https:\/\/www.methode-films.fr\/wp-content\/uploads\/2022\/12\/269614209_4838911272824625_83098698417698097_n.jpg","datePublished":"2022-12-25T09:57:29+00:00","dateModified":"2022-12-27T10:53:55+00:00","breadcrumb":{"@id":"https:\/\/www.methode-films.fr\/?page_id=19#breadcrumb"},"inLanguage":"en-US","potentialAction":[{"@type":"ReadAction","target":["https:\/\/www.methode-films.fr\/?page_id=19"]}]},{"@type":"ImageObject","inLanguage":"en-US","@id":"https:\/\/www.methode-films.fr\/?page_id=19#primaryimage","url":"https:\/\/www.methode-films.fr\/wp-content\/uploads\/2022\/12\/269614209_4838911272824625_83098698417698097_n.jpg","contentUrl":"https:\/\/www.methode-films.fr\/wp-content\/uploads\/2022\/12\/269614209_4838911272824625_83098698417698097_n.jpg","width":809,"height":540,"caption":"Franck Saurel, le tueur \u00e0 gages"},{"@type":"BreadcrumbList","@id":"https:\/\/www.methode-films.fr\/?page_id=19#breadcrumb","itemListElement":[{"@type":"ListItem","position":1,"name":"Accueil","item":"https:\/\/www.methode-films.fr\/"},{"@type":"ListItem","position":2,"name":"R\u00e9alisations"}]},{"@type":"WebSite","@id":"https:\/\/www.methode-films.fr\/#website","url":"https:\/\/www.methode-films.fr\/","name":"M\u00e9thode-film","description":"Leur m\u00e9thode ? C&#039;est d&#039;\u00eatre des pros.","publisher":{"@id":"https:\/\/www.methode-films.fr\/#organization"},"potentialAction":[{"@type":"SearchAction","target":{"@type":"EntryPoint","urlTemplate":"https:\/\/www.methode-films.fr\/?s={search_term_string}"},"query-input":{"@type":"PropertyValueSpecification","valueRequired":true,"valueName":"search_term_string"}}],"inLanguage":"en-US"},{"@type":"Organization","@id":"https:\/\/www.methode-films.fr\/#organization","name":"M\u00e9thode-film","url":"https:\/\/www.methode-films.fr\/","logo":{"@type":"ImageObject","inLanguage":"en-US","@id":"https:\/\/www.methode-films.fr\/#\/schema\/logo\/image\/","url":"https:\/\/www.methode-films.fr\/wp-content\/uploads\/2022\/12\/Logo-8.png","contentUrl":"https:\/\/www.methode-films.fr\/wp-content\/uploads\/2022\/12\/Logo-8.png","width":500,"height":500,"caption":"M\u00e9thode-film"},"image":{"@id":"https:\/\/www.methode-films.fr\/#\/schema\/logo\/image\/"}}]}},"_links":{"self":[{"href":"https:\/\/www.methode-films.fr\/index.php?rest_route=\/wp\/v2\/pages\/19","targetHints":{"allow":["GET"]}}],"collection":[{"href":"https:\/\/www.methode-films.fr\/index.php?rest_route=\/wp\/v2\/pages"}],"about":[{"href":"https:\/\/www.methode-films.fr\/index.php?rest_route=\/wp\/v2\/types\/page"}],"author":[{"embeddable":true,"href":"https:\/\/www.methode-films.fr\/index.php?rest_route=\/wp\/v2\/users\/2"}],"replies":[{"embeddable":true,"href":"https:\/\/www.methode-films.fr\/index.php?rest_route=%2Fwp%2Fv2%2Fcomments&post=19"}],"version-history":[{"count":6,"href":"https:\/\/www.methode-films.fr\/index.php?rest_route=\/wp\/v2\/pages\/19\/revisions"}],"predecessor-version":[{"id":90,"href":"https:\/\/www.methode-films.fr\/index.php?rest_route=\/wp\/v2\/pages\/19\/revisions\/90"}],"wp:featuredmedia":[{"embeddable":true,"href":"https:\/\/www.methode-films.fr\/index.php?rest_route=\/wp\/v2\/media\/62"}],"wp:attachment":[{"href":"https:\/\/www.methode-films.fr\/index.php?rest_route=%2Fwp%2Fv2%2Fmedia&parent=19"}],"curies":[{"name":"wp","href":"https:\/\/api.w.org\/{rel}","templated":true}]}}